*k - 93, -2*q = 5*k + q - 98. Suppose 4*i - 2*i - 53 = -5*z, 5*z = i - k. List the prime factors of i.
2, 3
Let x = -5 + 54. Let m = x - 17. What are the prime factors of m?
2
Let h(i) = -3*i + 2. Let k(f) = f**2 + 7*f - 10. Let b be k(-7). List the prime factors of h(b).
2
What are the prime factors of 3*(-4 - 43/(-3))?
31
Suppose -6 = -l + q, -5*l + 8 = -3*l + 2*q. Suppose -l*o + 152 = -5*z + 42, 94 = 4*o - 2*z. What are the prime factors of o?
5
Let f = 87 - -129. What are the prime factors of f?
2, 3
Let y(v) = -104*v**2 - 1. Let b be y(1). List the prime factors of ((-8)/(-10))/((-6)/b).
2, 7
Let s be 1/(-1) - (0 - 0). Let x(k) be the third derivative of 11*k**5/60 + k**3/6 + k**2. List the prime factors of x(s).
2, 3
Let f = -14 - -16. Suppose -g + 48 = 3*a - 4*g, f*a - 3*g = 36. What are the prime factors of a?
2, 3
Let d(a) be the first derivative of -a**3/3 + 7*a**2/2 - 5*a + 7. Let y(t) = 5*t**3 - 2*t + 1. Let i be y(1). What are the prime factors of d(i)?
7
What are the prime factors of (-3)/(-6) + 91/2?
2, 23
Let z(l) = -12*l - 7*l**2 - 6*l**2 - 4*l**2 + l**3 + 3*l**2 - 7. List the prime factors of z(15).
2, 19
Suppose 60 = 3*n - 159. List the prime factors of n.
73
Let p = -11 - -146. List the prime factors of p.
3, 5
Let m be 1*(3 + 1) - 4. Let t(c) = 11*c**2 - 2*c + 1. Let f be t(1). Suppose m*u + f = u. What are the prime factors of u?
2, 5
Suppose -1 = -y, -y - 335 = 2*k - 6*k. What are the prime factors of k?
2, 3, 7
Let j(z) = 28*z**3 - 2*z**2 + z + 1. What are the prime factors of j(1)?
2, 7
Suppose -o = -2*o - 11. Let x(h) = -h + 3. What are the prime factors of x(o)?
2, 7
Suppose 2*h - 12 = -2*h. Suppose -5 + 65 = 3*s + 5*j, -h*s = j - 72. What are the prime factors of s?
5
What are the prime factors of (-6)/(-21) - (-608)/28?
2, 11
Suppose -2*i + 6 = -i. Suppose i = -6*c + 9*c. List the prime factors of c.
2
List the prime factors of -5*(-2 + 92/(-4)).
5
Let y(z) = -z + 10. Let h be y(8). Suppose o - 31 = 13. Suppose -o = -2*p - h*p. List the prime factors of p.
11
List the prime factors of 25*(-2)/(-6) + (-13)/39.
2
Let c(s) be the first derivative of -s**3/3 + 2*s**2 + 2. Let l be c(3). Let d = 5 - l. What are the prime factors of d?
2
Let b(c) = 2*c + 1. Let t(f) = -f. Let p(o) = 2*o. Let k(u) = 4*p(u) + 7*t(u). Let z(m) = -6*b(m) + 11*k(m). List the prime factors of z(-8).
2
Let l = -18 + 26. List the prime factors of l.
2
Let o = 24 - -9. Let k = -9 + o. What are the prime factors of k?
2, 3
Suppose 4*f - k - 36 = 0, -5*f + 5*k + 36 = -3*f. List the prime factors of (6/8)/(f/96).
3
Let d be 1*9 + 24/(-8). Suppose 30 = d*w - w. List the prime factors of w.
2, 3
What are the prime factors of ((-2)/5)/(1/(-110))?
2, 11
Let y = -5 + 29. List the prime factors of y.
2, 3
Suppose -5*x - 78 = -3*j, -x - 3*x - 76 = j. Let i = -13 - x. Suppose 5*h + 0*h + 11 = 2*z, 5*z = -i*h + 10. What are the prime factors of z?
3
Let g(y) = 17*y**2 - y. Let l be ((-2)/2*-1)/1. What are the prime factors of g(l)?
2
Suppose l + 10 = -4*l. Let k = l + 2. Suppose k*d = -5*d - 4*h + 80, 2 = d - 2*h. What are the prime factors of d?
2, 3
Let n = -7 - -9. Suppose 80 = n*d + 2*d. List the prime factors of d.
2, 5
Suppose -16 = -4*o, -24 = -4*q + 2*q - 3*o. Let y be -2*3/q*5. Let z(u) = -u**3 - 4*u**2 - 5. List the prime factors of z(y).
2, 5
Suppose -5*o = s - 1615, -2*o + 4*s = -254 - 414. What are the prime factors of o?
2, 3
Suppose 0 = -4*w + w + 177. What are the prime factors of w?
59
Let c be 6 + (-12)/(6 - 2). List the prime factors of (-1)/c - 58/(-3).
19
Let m(w) = w**3 + 1. Let t(u) = -u**2 + 1. Let j(z) = m(z) + t(z). Let o be j(0). Suppose -b - o*q + 8 = 0, 5*b = 2*q - 7*q + 30. List the prime factors of b.
2
Suppose -17*n + 20*n = 171. What are the prime factors of n?
3, 19
Let y(v) be the first derivative of -2*v**2 - 5*v - 3. Let j be y(-8). Suppose -4*s + j = 3*c, 4*c + 4*s - 5*s = 17. List the prime factors of c.
5
Let c(v) = -v**3 + 9*v**2 + v - 5. Let h be c(9). Suppose 4 + h = 4*n. Suppose -8 = -n*q + q. List the prime factors of q.
2
List the prime factors of -66*5/1*2/(-10).
2, 3, 11
Suppose -t = -2*c + 75, -3*c = -0*c - 5*t - 123. Let s = -25 + c. What are the prime factors of s?
11
Let o(b) = -b - 1. Suppose 2*m + 7 = h + 2, h = 4*m + 13. Let t be o(h). List the prime factors of 2 + (-1)/(t/(-10)).
7
Suppose 12 = 4*t + 4*r, 4*r - 5*r + 24 = 4*t. What are the prime factors of t?
7
Let q = -248 - -414. List the prime factors of q.
2, 83
Suppose 26*h + 21 = 29*h. What are the prime factors of h?
7
Let p = -1 - -3. Suppose o = -p*k + 11, -9*o + 4*o + 2*k = -43. List the prime factors of o.
3
Suppose -142 + 632 = 5*t. List the prime factors of t.
2, 7
Let g(x) = 8*x - 8. Let b(y) = -7*y + 7. Let p(s) = -6*b(s) - 5*g(s). Let z be p(3). Suppose -35 = z*w - 9*w. What are the prime factors of w?
7
Let v be 7 - (2 + 1/(-1)). Let i be v/(-10)*-1*15. Let a = 14 - i. What are the prime factors of a?
5
Suppose -2*z + 4*z - 74 = 4*l, 5*l - 187 = -4*z. What are the prime factors of z?
43
List the prime factors of 354/14 - 2/7.
5
Suppose 0 = -4*l + 8*l. Suppose 6*x - 4*x = l, 36 = 4*z - 4*x. Suppose -5 = -i + z. What are the prime factors of i?
2, 7
Let y = 31 - 26. List the prime factors of y.
5
Suppose 0*l = -l + 5. Suppose -i + 86 = 3*f, -2*i + i - 154 = -l*f. What are the prime factors of f?
2, 3, 5
Let g = -88 - -172. List the prime factors of g.
2, 3, 7
Let x = 61 + -12. List the prime factors of x.
7
Suppose 6 = 3*v - k, 5*k + 7 = 2*v + 3. Suppose 0 = 3*u + 3*g - 3 + 6, -v*g = 3*u. What are the prime factors of u?
2
Let t = 3 - -2. Let p be (-1 - -3) + t + -1. Suppose -3*b + 51 = p. List the prime factors of b.
3, 5
Let a(t) = 11*t - 1. Let c be a(-1). Let h = 9 - c. List the prime factors of h.
3, 7
Let g = 17 - 8. List the prime factors of g.
3
Let v(i) = -i**2 + 2*i - 2. Let m(q) = -q**2 + 2*q - 2. Let n be 1/2 - (-10)/4. Let s(b) = n*v(b) - 4*m(b). List the prime factors of s(3).
5
Let m be (-8)/6*3/(-2). Suppose m*g + 2*g = 76. List the prime factors of g.
19
Let f(r) = -r**3 + 6*r**2 + 8*r - 5. Let p be f(7). Let o = p + 0. Suppose -38 + o = -4*d. List the prime factors of d.
3
Suppose -5*o + 8 = -n, -2*n = 2*n - 4*o. Suppose n*d = -4*t + 46, -3*t - 44 = -3*d - 4*t. What are the prime factors of d?
13
Suppose -5*g = y - 0*g - 31, 3*y = 4*g + 188. List the prime factors of y.
2, 7
Suppose 0 = 4*g - 3*k - 179, -5*k = -4*g - 65 + 254. What are the prime factors of g?
41
Let a(d) = d**2 + d - 14. What are the prime factors of a(7)?
2, 3, 7
Let x(w) = w + 7. Let z be x(-5). Let m be 0 - (11 - z)/(-3). List the prime factors of 4*m - (-1 - 1).
2, 7
Let w(f) be the first derivative of 2*f**2 - 5*f + 2. Let v be w(4). Let j = v - 9. List the prime factors of j.
2
List the prime factors of (2 - 105/12)*-20.
3, 5
Let h = -13 - -20. Suppose -u - h = 36. Let t = -23 - u. What are the prime factors of t?
2, 5
Let l(m) = m**2 - m - 2. Let w be l(3). Suppose -2*g = 4*h + 8, 4*h - w*g + 4 = 2*h. List the prime factors of (-36)/(-2)*(-1)/h.
3
Suppose 0 = 7*d - 150 + 10. List the prime factors of d.
2, 5
Let r(o) = o**2 - 6*o - 16. Let i be r(7). Let d(x) = x**2 + 10*x + 13. What are the prime factors of d(i)?
2
Let r be -2 + 13*(1 - -1). Let t = r + -1. Let d = t - 12. What are the prime factors of d?
11
Let o(u) be the second derivative of -u**5/20 - u**4 + 2*u**3 - 7*u**2/2 + 5*u. List the prime factors of o(-13).
2, 3
Let n be 3/(-5) + (-123)/(-5). Suppose -2*o - n = -5*o. List the prime factors of o.
2
Let q(o) = -o**3 + 10*o**2 - 14*o + 7. Let y be q(9). Let z = -15 - y. List the prime factors of z.
23
Let n(z) = -z**3 + 6*z**2 - 5*z + 2. Let k be n(5). Let a(l) = 6 + 7*l + 0 + l**k - 5*l + 8*l. What are the prime factors of a(-10)?
2, 3
Let l(a) = a - 6. Let o be l(8). Suppose 5*c = -10 - 20. List the prime factors of o/c*(-78)/2.
13
Let t(h) = 2*h**3 - 4*h**3 + 1 + h**3 - 8*h**2 - 6*h - 2*h. Suppose -4*o - 14 = 14. What are the prime factors of t(o)?
2
Let x be (18/(-12))/((-1)/(-2)). List the prime factors of x/(3/(-7))*1.
7
Let f = -36 + 110. What are the prime factors of f?
2, 37
Let j = 32 - 18. List the prime factors of 582/21 - (-4)/j.
2, 7
Let p = 16 - 1. List the prime factors of 10/(-4)*(-18)/p.
3
Let p(n) be the second d